{"id":580,"date":"2013-10-06T12:18:34","date_gmt":"2013-10-06T10:18:34","guid":{"rendered":"http:\/\/www.hsander.net\/wordpress\/?page_id=580"},"modified":"2021-01-04T22:37:18","modified_gmt":"2021-01-04T21:37:18","slug":"lehrveranstaltungen","status":"publish","type":"page","link":"https:\/\/www.hsander.net\/wordpress\/lehrveranstaltungen\/","title":{"rendered":"Lehrveranstaltungen"},"content":{"rendered":"<p>Im Folgenden finden Sie eine Liste mit von mir angebotenen Workshops, Lehrveranstaltungen (au\u00dferhalb der Schule) und Vortr\u00e4gen.<\/p>\n<h1>2020<\/h1>\n<ul>\n<li>Workshops zur Erstellung digitaler Lernprodukte, schulinterne Lehrerfortbildung.<\/li>\n<\/ul>\n<h1>2019<\/h1>\n<ul>\n<li>Workshop zur Dokumentatischen Methode, AG Chemiedidaktik der Universit\u00e4t Hildesheim, Prof. Dr. J\u00fcrgen Menthe<\/li>\n<\/ul>\n<h1>2017<\/h1>\n<ul>\n<li>Workshop \"Die dokumentarische Methode in der fachdidaktischen Forschung\", gemeinsam mit Janne Kr\u00fcger auf der Jahrestagung der GDCP in Regensburg.<\/li>\n<li>Preistr\u00e4gervortragung im Rahmen der Verleihung des GDCP-Nachwuchspreises auf der Jahrestagung der GDCP in Regensburg.<\/li>\n<\/ul>\n<h1>2016<\/h1>\n<ul>\n<li>Workshop \"Die dokumentarische Methode in der fachdidaktischen Forschung\" bei der Gruppe Physikdidaktik an der Martin-Luther-Universit\u00e4t in Halle, 23.-24.2.2016<\/li>\n<li>Workshop \"LaTeX\" \u00a0im Medienzentrum der Fakult\u00e4t f\u00fcr Erziehungswissenschaft, Universit\u00e4t Hamburg, 5.\/7.1.2016<\/li>\n<li>Unterricht der F\u00e4cher Physik und Chemie in verschiedenen Jahrg\u00e4ngen<\/li>\n<\/ul>\n<h1>2015<\/h1>\n<ul>\n<li>Lehrauftrag an der Universit\u00e4t Hamburg: Einf\u00fchrung in die Didaktik der Chemie<\/li>\n<li>Workshop \"Die dokumentarische Methode in der fachdidaktischen Forschung\" am AECC Chemie Wien, 18.-19. M\u00e4rz 2015 (gemeinsam mit Dietmar H\u00f6ttecke)<\/li>\n<li>Planspiel \"Flugobst\"\u00a0im Rahmen der Tagung \"Umweltbildung f\u00fcr nachhaltige Entwicklung im Kontext bestehender Netzwerke\" (NAWI Netzwerk Wien, IMST, \u00d6KOLOG, BMBF), 17. M\u00e4rz 2015 in Wien (gemeinsam mit Dietmar H\u00f6ttecke)<\/li>\n<li>Workshop zum Thema \"Tabellenkalkulation\" am Medienzentrum der Fakult\u00e4t f\u00fcr Erziehungswissenschaft, Universit\u00e4t Hamburg, 26.11.2015<\/li>\n<li>Workshop zum Thema \"Blogs\" am Medienzentrum der Fakult\u00e4t f\u00fcr Erziehungswissenschaft, Universit\u00e4t Hamburg, 23.11.2015<\/li>\n<\/ul>\n<h1>2014<\/h1>\n<ul>\n<li>Lehrauftrag an der Universit\u00e4t Hamburg: Chemiepraktikum f\u00fcr Medizinstudenten<\/li>\n<\/ul>\n<h1>2013<\/h1>\n<ul>\n<li>Seminarsitzung \"Bewertungskompetenz\", Weiterf\u00fchrung Fachdidaktik Physik, Universit\u00e4t Hamburg, November 2013<\/li>\n<li><a href=\"https:\/\/hsander.net\/wiki\/doku.php?id=medizinervorkurs:sose2013\">Vorkurs \"Chemie f\u00fcr Zahnmediziner\"<\/a>, April 2013<\/li>\n<\/ul>\n<h1>2012<\/h1>\n<ul>\n<li>Naturwissenschaftsunterricht einer 5. Klasse, Goethe-Gymnasium Hamburg, August 2012-Oktober 2012<\/li>\n<li><a href=\"https:\/\/hsander.net\/wiki\/doku.php?id=chemie:octutorium:uebersicht\">Tutorium \"Organische Chemie\"<\/a>, Fachbereich Chemie, Universit\u00e4t Hamburg, April 2012-Juli 2012<\/li>\n<li><a href=\"https:\/\/hsander.net\/wiki\/doku.php?id=medizinervorkurs:sose2012\">Vorkurs \"Chemie f\u00fcr Zahnmediziner\"<\/a>, April 2012<\/li>\n<\/ul>\n<h1>2011<\/h1>\n<ul>\n<li>Tutorium \"Anorganische Chemie\", Fachbereich Chemie, Universit\u00e4t Hamburg, Oktober 2011-Januar 2012<\/li>\n<li>Vorkurs \"Chemie f\u00fcr Mediziner\", Oktober 2011<\/li>\n<li>Kursleitung \"Regenerative Energien\" auf der NachhaltigkeitsAkademie der JGW e.V., August 2011<\/li>\n<li>Vorkurs \"Chemie f\u00fcr Zahnmediziner\", April 2011<\/li>\n<\/ul>\n<h1>2010<\/h1>\n<ul>\n<li>Vorkurs \"Chemie f\u00fcr Mediziner\", Oktober 2010<\/li>\n<\/ul>\n","protected":false},"excerpt":{"rendered":"<p>Im Folgenden finden Sie eine Liste mit von mir angebotenen Workshops, Lehrveranstaltungen (au\u00dferhalb der Schule) und Vortr\u00e4gen. 2020 Workshops zur Erstellung digitaler Lernprodukte, schulinterne Lehrerfortbildung. 2019 Workshop zur Dokumentatischen Methode, AG Chemiedidaktik der Universit\u00e4t Hildesheim, Prof. Dr. J\u00fcrgen Menthe 2017 Workshop &#8220;Die dokumentarische Methode in der fachdidaktischen Forschung&#8221;, gemeinsam mit Janne Kr\u00fcger auf der Jahrestagung [&hellip;]<\/p>\n","protected":false},"author":1,"featured_media":0,"parent":0,"menu_order":0,"comment_status":"open","ping_status":"open","template":"","meta":{"footnotes":""},"class_list":["post-580","page","type-page","status-publish","hentry"],"_links":{"self":[{"href":"https:\/\/www.hsander.net\/wordpress\/wp-json\/wp\/v2\/pages\/580","targetHints":{"allow":["GET"]}}],"collection":[{"href":"https:\/\/www.hsander.net\/wordpress\/wp-json\/wp\/v2\/pages"}],"about":[{"href":"https:\/\/www.hsander.net\/wordpress\/wp-json\/wp\/v2\/types\/page"}],"author":[{"embeddable":true,"href":"https:\/\/www.hsander.net\/wordpress\/wp-json\/wp\/v2\/users\/1"}],"replies":[{"embeddable":true,"href":"https:\/\/www.hsander.net\/wordpress\/wp-json\/wp\/v2\/comments?post=580"}],"version-history":[{"count":13,"href":"https:\/\/www.hsander.net\/wordpress\/wp-json\/wp\/v2\/pages\/580\/revisions"}],"predecessor-version":[{"id":1138,"href":"https:\/\/www.hsander.net\/wordpress\/wp-json\/wp\/v2\/pages\/580\/revisions\/1138"}],"wp:attachment":[{"href":"https:\/\/www.hsander.net\/wordpress\/wp-json\/wp\/v2\/media?parent=580"}],"curies":[{"name":"wp","href":"https:\/\/api.w.org\/{rel}","templated":true}]}}